{"id":371,"date":"2020-01-13T11:17:52","date_gmt":"2020-01-13T11:17:52","guid":{"rendered":"https:\/\/demosites.io\/web-agency-gb\/?page_id=5"},"modified":"2024-08-28T17:43:06","modified_gmt":"2024-08-28T17:43:06","slug":"aplicaciones-didacticas-ia","status":"publish","type":"page","link":"https:\/\/aulasinteligentes.proyectoheliox.org\/","title":{"rendered":"IAula"},"content":{"rendered":"\n<div class=\"wp-block-cover alignfull\" style=\"min-height:529px;aspect-ratio:unset;\"><span aria-hidden=\"true\" class=\"wp-block-cover__background has-background-dim-0 has-background-dim\"><\/span><img loading=\"lazy\" decoding=\"async\" width=\"1920\" height=\"1080\" class=\"wp-block-cover__image-background wp-image-406\" alt=\"IA\" src=\"https:\/\/aulasinteligentes.proyectoheliox.org\/wp-content\/uploads\/2023\/02\/Cabecera-2.jpg\" data-object-fit=\"cover\" srcset=\"https:\/\/aulasinteligentes.proyectoheliox.org\/wp-content\/uploads\/2023\/02\/Cabecera-2.jpg 1920w, https:\/\/aulasinteligentes.proyectoheliox.org\/wp-content\/uploads\/2023\/02\/Cabecera-2-300x169.jpg 300w, https:\/\/aulasinteligentes.proyectoheliox.org\/wp-content\/uploads\/2023\/02\/Cabecera-2-1024x576.jpg 1024w, https:\/\/aulasinteligentes.proyectoheliox.org\/wp-content\/uploads\/2023\/02\/Cabecera-2-768x432.jpg 768w, https:\/\/aulasinteligentes.proyectoheliox.org\/wp-content\/uploads\/2023\/02\/Cabecera-2-1536x864.jpg 1536w\" sizes=\"auto, (max-width: 1920px) 100vw, 1920px\" \/><div class=\"wp-block-cover__inner-container is-layout-flow wp-block-cover-is-layout-flow\">\n<h1 class=\"wp-block-heading has-text-align-left has-neve-link-hover-color-color has-text-color has-large-font-size\" style=\"font-style:normal;font-weight:500\">Formaci\u00f3n Permanente UNED<\/h1>\n\n\n\n<h1 class=\"wp-block-heading has-text-align-left has-nv-site-bg-color has-text-color\" style=\"font-size:50px\">Aplicaciones Did\u00e1cticas<\/h1>\n\n\n\n<h1 class=\"wp-block-heading has-text-align-left has-nv-site-bg-color has-text-color\" style=\"font-size:46px\">de la Inteligencia Artificial.<\/h1>\n\n\n\n<h3 class=\"wp-block-heading has-text-align-left has-nv-site-bg-color has-text-color\" style=\"font-size:46px\">Primeros pasos en el Aula<\/h3>\n\n\n\n<div class=\"wp-block-buttons is-horizontal is-content-justification-left is-layout-flex wp-container-core-buttons-is-layout-7e5fce0a wp-block-buttons-is-layout-flex\">\n<div class=\"wp-block-button is-style-primary\"><a class=\"wp-block-button__link wp-element-button\">GU\u00cdA ACAD\u00c9MICA<\/a><\/div>\n\n\n\n<div class=\"wp-block-button is-style-secondary\"><a class=\"wp-block-button__link wp-element-button\" href=\"https:\/\/formacionpermanente.uned.es\/tp_actividad\/actividad\/aplicaciones-didacticas-de-la-inteligencia-artificial-primeros-pasos-en-el-aula-1-edicion\" target=\"_blank\" rel=\"noreferrer noopener\">MATRIC\u00daLATE<\/a><\/div>\n<\/div>\n<\/div><\/div>\n\n\n\n<div class=\"wp-block-cover alignfull\" style=\"min-height:100vh;aspect-ratio:unset;\"><span aria-hidden=\"true\" class=\"wp-block-cover__background has-nv-light-bg-background-color has-background-dim-100 has-background-dim\"><\/span><div class=\"wp-block-cover__inner-container is-layout-flow wp-block-cover-is-layout-flow\">\n<div class=\"wp-block-group\"><div class=\"wp-block-group__inner-container is-layout-flow wp-block-group-is-layout-flow\">\n<div class=\"wp-block-columns are-vertically-aligned-center is-layout-flex wp-container-core-columns-is-layout-9d6595d7 wp-block-columns-is-layout-flex\">\n<div class=\"wp-block-column is-vertically-aligned-center is-layout-flow wp-block-column-is-layout-flow\" style=\"flex-basis:50%\">\n<figure class=\"wp-block-image size-full\"><img loading=\"lazy\" decoding=\"async\" width=\"800\" height=\"800\" src=\"https:\/\/aulasinteligentes.proyectoheliox.org\/wp-content\/uploads\/2023\/02\/IA-Cara-cuadrada.jpg\" alt=\"IA\" class=\"wp-image-413\" srcset=\"https:\/\/aulasinteligentes.proyectoheliox.org\/wp-content\/uploads\/2023\/02\/IA-Cara-cuadrada.jpg 800w, https:\/\/aulasinteligentes.proyectoheliox.org\/wp-content\/uploads\/2023\/02\/IA-Cara-cuadrada-300x300.jpg 300w, https:\/\/aulasinteligentes.proyectoheliox.org\/wp-content\/uploads\/2023\/02\/IA-Cara-cuadrada-150x150.jpg 150w, https:\/\/aulasinteligentes.proyectoheliox.org\/wp-content\/uploads\/2023\/02\/IA-Cara-cuadrada-768x768.jpg 768w\" sizes=\"auto, (max-width: 800px) 100vw, 800px\" \/><\/figure>\n<\/div>\n\n\n\n<div class=\"wp-block-column is-vertically-aligned-center is-layout-flow wp-block-column-is-layout-flow\" style=\"flex-basis:50%\">\n<p><\/p>\n\n\n\n<h2 class=\"wp-block-heading has-text-align-left has-neve-text-color-color has-text-color\">Curso de Actualizaci\u00f3n Profesional<\/h2>\n\n\n\n<p class=\"has-text-align-left has-neve-text-color-color has-text-color\" style=\"font-size:17px\">Curso online de car\u00e1cter pr\u00e1ctico en el que aprenderemos a aplicar diferentes herramientas de Inteligencia Artificial en el aula. <\/p>\n\n\n\n<div class=\"wp-block-buttons is-layout-flex wp-block-buttons-is-layout-flex\">\n<div class=\"wp-block-button is-style-primary\"><a class=\"wp-block-button__link wp-element-button\" href=\"https:\/\/formacionpermanente.uned.es\/tp_actividad\/actividad\/aplicaciones-didacticas-de-la-inteligencia-artificial-primeros-pasos-en-el-aula-1-edicion\" target=\"_blank\" rel=\"noreferrer noopener\">M\u00e1s informaci\u00f3n<\/a><\/div>\n<\/div>\n\n\n\n<p class=\"has-neve-text-color-color has-text-color\"><\/p>\n\n\n\n<p class=\"has-nv-dark-bg-color has-text-color\"><strong>Duraci\u00f3n:<\/strong> 75H<\/p>\n\n\n\n<p class=\"has-nv-dark-bg-color has-text-color\">El curso otorga <strong>Certificado de <u>Actualizaci\u00f3n Profesional<\/u><\/strong> por la <strong>UNED <\/strong>y por el <strong>Ministerio de Educaci\u00f3n y Formaci\u00f3n Profesional<\/strong> con <strong>3CTS (75h)<\/strong>. Consulta el reconocimiento de cr\u00e9ditos <a href=\"https:\/\/www.uned.es\/universidad\/inicio\/estudios\/formacion-permanente\/reconocimiento-creditos.html\" data-type=\"link\" data-id=\"https:\/\/www.uned.es\/universidad\/inicio\/estudios\/formacion-permanente\/reconocimiento-creditos.html\" target=\"_blank\" rel=\"noreferrer noopener\">aqu\u00ed<\/a><\/p>\n<\/div>\n<\/div>\n<\/div><\/div>\n<\/div><\/div>\n\n\n\n<div style=\"height:100px\" aria-hidden=\"true\" class=\"wp-block-spacer\"><\/div>\n\n\n\n<div class=\"wp-block-columns is-layout-flex wp-container-core-columns-is-layout-9d6595d7 wp-block-columns-is-layout-flex\">\n<div class=\"wp-block-column is-layout-flow wp-block-column-is-layout-flow\"><div class=\"wp-block-image icon-style is-style-rounded\">\n<figure class=\"aligncenter size-full\"><img loading=\"lazy\" decoding=\"async\" width=\"72\" height=\"72\" src=\"https:\/\/aulasinteligentes.proyectoheliox.org\/wp-content\/uploads\/2023\/02\/Bulb1.jpg\" alt=\"IA icon1\" class=\"wp-image-416\" title=\"\"\/><\/figure>\n<\/div>\n\n\n<h3 class=\"wp-block-heading has-text-align-center has-neve-text-color-color has-text-color\">Conocer herramientas de IA y sus posibilidades did\u00e1cticas<\/h3>\n\n\n\n<p class=\"has-text-align-center\">Aproximaci\u00f3n a las posibilidades de aplicaci\u00f3n de la Inteligencia Artificial en el aula en todas las etapas educativas.<\/p>\n\n\n\n<div style=\"height:20px\" aria-hidden=\"true\" class=\"wp-block-spacer\"><\/div>\n<\/div>\n\n\n\n<div class=\"wp-block-column is-layout-flow wp-block-column-is-layout-flow\"><div class=\"wp-block-image icon-style is-style-rounded\">\n<figure class=\"aligncenter size-full\"><img loading=\"lazy\" decoding=\"async\" width=\"72\" height=\"72\" src=\"https:\/\/aulasinteligentes.proyectoheliox.org\/wp-content\/uploads\/2023\/02\/Robot1.jpg\" alt=\"IA icon3\" class=\"wp-image-418\"\/><\/figure>\n<\/div>\n\n\n<h3 class=\"wp-block-heading has-text-align-center has-neve-text-color-color has-text-color\">Aprender a Aplicar herramientas de IA<\/h3>\n\n\n\n<p class=\"has-text-align-center\">Elaborar planes, programas, proyectos y unidades did\u00e1cticas con Inteligencia Artificial.<\/p>\n\n\n\n<div style=\"height:20px\" aria-hidden=\"true\" class=\"wp-block-spacer\"><\/div>\n<\/div>\n\n\n\n<div class=\"wp-block-column is-layout-flow wp-block-column-is-layout-flow\"><div class=\"wp-block-image icon-style is-style-rounded\">\n<figure class=\"aligncenter size-full\"><img loading=\"lazy\" decoding=\"async\" width=\"72\" height=\"72\" src=\"https:\/\/aulasinteligentes.proyectoheliox.org\/wp-content\/uploads\/2023\/02\/Gear1.jpg\" alt=\"IA icon2\" class=\"wp-image-417\"\/><\/figure>\n<\/div>\n\n\n<h3 class=\"wp-block-heading has-text-align-center has-neve-text-color-color has-text-color\">IA con Perspectiva de G\u00e9nero y Atenci\u00f3n a la Diversidad<\/h3>\n\n\n\n<p class=\"has-text-align-center\">Reflexionar cr\u00edticamente sobre las aplicaciones did\u00e1cticas desde distintas perspectivas con Inteligencia Artificial.<\/p>\n\n\n\n<div style=\"height:20px\" aria-hidden=\"true\" class=\"wp-block-spacer\"><\/div>\n<\/div>\n<\/div>\n\n\n\n<div class=\"wp-block-cover alignfull\" style=\"min-height:600px;aspect-ratio:unset;\"><span aria-hidden=\"true\" class=\"wp-block-cover__background has-nv-site-bg-background-color has-background-dim-100 has-background-dim\"><\/span><div class=\"wp-block-cover__inner-container is-layout-flow wp-block-cover-is-layout-flow\">\n<div class=\"wp-block-group\"><div class=\"wp-block-group__inner-container is-layout-flow wp-block-group-is-layout-flow\">\n<div style=\"height:80px\" aria-hidden=\"true\" class=\"wp-block-spacer\"><\/div>\n\n\n\n<div class=\"wp-block-columns are-vertically-aligned-center is-layout-flex wp-container-core-columns-is-layout-9d6595d7 wp-block-columns-is-layout-flex\">\n<div class=\"wp-block-column is-vertically-aligned-center is-layout-flow wp-block-column-is-layout-flow\" style=\"flex-basis:50%\">\n<h2 class=\"wp-block-heading has-text-align-left has-neve-text-color-color has-text-color\">\u00bfQuieres ver un ejemplo?<\/h2>\n\n\n\n<p class=\"has-text-align-left has-neve-text-color-color has-text-color\" style=\"font-size:17px\">Aprender\u00e1s a utilizar herramientas de generaci\u00f3n del lenguaje con finalidad did\u00e1ctica, podr\u00e1s utilizar la IA crear material multimedia, para adaptar tus estrategias educativas a las demandas de la sociedad postdigital y lograr\u00e1s hacer un uso eficiente de los interfaces de Inteligencia Artificial. Podr\u00e1s aplicar la IA a distintos usos en la evaluaci\u00f3n y hacer la educaci\u00f3n m\u00e1s inclusiva.<\/p>\n\n\n\n<div class=\"wp-block-buttons is-horizontal is-content-justification-left is-layout-flex wp-container-core-buttons-is-layout-7e5fce0a wp-block-buttons-is-layout-flex\">\n<div class=\"wp-block-button is-style-primary\"><a class=\"wp-block-button__link wp-element-button\">EXPERIENCIA PR\u00c1CTICA<\/a><\/div>\n<\/div>\n\n\n\n<div style=\"height:40px\" aria-hidden=\"true\" class=\"wp-block-spacer\"><\/div>\n<\/div>\n\n\n\n<div class=\"wp-block-column is-vertically-aligned-center is-layout-flow wp-block-column-is-layout-flow\" style=\"flex-basis:50%\">\n<figure class=\"wp-block-image size-full\"><img loading=\"lazy\" decoding=\"async\" width=\"600\" height=\"600\" src=\"https:\/\/aulasinteligentes.proyectoheliox.org\/wp-content\/uploads\/2023\/02\/ejemplo-IA.jpg\" alt=\"IA \" class=\"wp-image-436\" srcset=\"https:\/\/aulasinteligentes.proyectoheliox.org\/wp-content\/uploads\/2023\/02\/ejemplo-IA.jpg 600w, https:\/\/aulasinteligentes.proyectoheliox.org\/wp-content\/uploads\/2023\/02\/ejemplo-IA-300x300.jpg 300w, https:\/\/aulasinteligentes.proyectoheliox.org\/wp-content\/uploads\/2023\/02\/ejemplo-IA-150x150.jpg 150w\" sizes=\"auto, (max-width: 600px) 100vw, 600px\" \/><figcaption class=\"wp-element-caption\"> <\/figcaption><\/figure>\n<\/div>\n<\/div>\n<\/div><\/div>\n<\/div><\/div>\n\n\n\n<div class=\"wp-block-cover alignfull\" style=\"min-height:600px;aspect-ratio:unset;\"><span aria-hidden=\"true\" class=\"wp-block-cover__background has-nv-dark-bg-background-color has-background-dim-100 has-background-dim\"><\/span><div class=\"wp-block-cover__inner-container is-layout-flow wp-block-cover-is-layout-flow\">\n<div class=\"wp-block-group\"><div class=\"wp-block-group__inner-container is-layout-flow wp-block-group-is-layout-flow\">\n<div style=\"height:80px\" aria-hidden=\"true\" class=\"wp-block-spacer\"><\/div>\n\n\n\n<div class=\"wp-block-columns are-vertically-aligned-center is-layout-flex wp-container-core-columns-is-layout-9d6595d7 wp-block-columns-is-layout-flex\">\n<div class=\"wp-block-column is-vertically-aligned-center is-layout-flow wp-block-column-is-layout-flow\" style=\"flex-basis:50%\">\n<figure class=\"wp-block-image size-full\"><img loading=\"lazy\" decoding=\"async\" width=\"600\" height=\"600\" src=\"https:\/\/aulasinteligentes.proyectoheliox.org\/wp-content\/uploads\/2023\/02\/MATRICULAR-IA-.jpg\" alt=\"MATRICULAR IA\" class=\"wp-image-445\" srcset=\"https:\/\/aulasinteligentes.proyectoheliox.org\/wp-content\/uploads\/2023\/02\/MATRICULAR-IA-.jpg 600w, https:\/\/aulasinteligentes.proyectoheliox.org\/wp-content\/uploads\/2023\/02\/MATRICULAR-IA--300x300.jpg 300w, https:\/\/aulasinteligentes.proyectoheliox.org\/wp-content\/uploads\/2023\/02\/MATRICULAR-IA--150x150.jpg 150w\" sizes=\"auto, (max-width: 600px) 100vw, 600px\" \/><\/figure>\n<\/div>\n\n\n\n<div class=\"wp-block-column is-vertically-aligned-center is-layout-flow wp-block-column-is-layout-flow\" style=\"flex-basis:50%\">\n<div style=\"height:40px\" aria-hidden=\"true\" class=\"wp-block-spacer\"><\/div>\n\n\n\n<h2 class=\"wp-block-heading has-text-align-left has-nv-text-dark-bg-color has-text-color\"><\/h2>\n\n\n\n<p class=\"has-text-align-left has-neve-link-color-color has-text-color\" style=\"font-size:17px\">APLICACIONES DID\u00c1CTICAS DE LA INTELIGENCIA ARTIFICIAL. PRIMEROS PASOS EN EL AULA.<\/p>\n\n\n\n<p style=\"font-size:16px\">Precio: 180\u20ac <\/p>\n\n\n\n<p style=\"font-size:16px\">Descuentos para grupos, tutores y PAS de la UNED, estudiantes y Alumni de la UNED y otros descuentos por motivos de renta econ\u00f3mica: <a rel=\"noreferrer noopener\" href=\"https:\/\/www.uned.es\/universidad\/inicio\/estudios\/formacion-permanente\/ayudas-estudios.html\" data-type=\"link\" data-id=\"https:\/\/www.uned.es\/universidad\/inicio\/estudios\/formacion-permanente\/ayudas-estudios.html\" target=\"_blank\">(Ver condiciones)<\/a><\/p>\n\n\n\n<div class=\"wp-block-buttons is-horizontal is-content-justification-left is-layout-flex wp-container-core-buttons-is-layout-7e5fce0a wp-block-buttons-is-layout-flex\">\n<div class=\"wp-block-button is-style-secondary\"><a class=\"wp-block-button__link wp-element-button\" href=\"https:\/\/formacionpermanente.uned.es\/tp_actividad\/actividad\/aplicaciones-didacticas-de-la-inteligencia-artificial-primeros-pasos-en-el-aula-1-edicion\" target=\"_blank\" rel=\"noreferrer noopener\">MATRIC\u00daLATE AHORA<\/a><\/div>\n<\/div>\n<\/div>\n<\/div>\n\n\n\n<div style=\"height:50px\" aria-hidden=\"true\" class=\"wp-block-spacer\"><\/div>\n<\/div><\/div>\n<\/div><\/div>\n\n\n\n<div class=\"wp-block-cover alignfull\" style=\"min-height:420px;aspect-ratio:unset;\"><span aria-hidden=\"true\" class=\"wp-block-cover__background has-nv-light-bg-background-color has-background-dim-100 has-background-dim\"><\/span><div class=\"wp-block-cover__inner-container is-layout-flow wp-block-cover-is-layout-flow\">\n<div style=\"height:69px\" aria-hidden=\"true\" class=\"wp-block-spacer\"><\/div>\n\n\n\n<h3 class=\"wp-block-heading has-text-align-center has-nv-dark-bg-color has-text-color has-x-large-font-size\" style=\"font-style:normal;font-weight:300\">EQUIPO DOCENTE<\/h3>\n\n\n\n<div class=\"wp-block-columns is-layout-flex wp-container-core-columns-is-layout-9d6595d7 wp-block-columns-is-layout-flex\">\n<div class=\"wp-block-column ticss-4ce656f1 is-layout-flow wp-block-column-is-layout-flow\"><div class=\"wp-block-image is-style-rounded\">\n<figure class=\"aligncenter size-full\"><img loading=\"lazy\" decoding=\"async\" width=\"316\" height=\"335\" src=\"https:\/\/aulasinteligentes.proyectoheliox.org\/wp-content\/uploads\/2023\/09\/Captura-de-pantalla-2023-09-27-a-las-9.39.50-1.png\" alt=\"\" class=\"wp-image-492\" srcset=\"https:\/\/aulasinteligentes.proyectoheliox.org\/wp-content\/uploads\/2023\/09\/Captura-de-pantalla-2023-09-27-a-las-9.39.50-1.png 316w, https:\/\/aulasinteligentes.proyectoheliox.org\/wp-content\/uploads\/2023\/09\/Captura-de-pantalla-2023-09-27-a-las-9.39.50-1-283x300.png 283w\" sizes=\"auto, (max-width: 316px) 100vw, 316px\" \/><\/figure>\n<\/div>\n\n\n<p class=\"has-text-align-center has-neve-text-color-color has-text-color\" style=\"font-size:16px\"><strong>Sara Osuna Acedo<\/strong><\/p>\n\n\n\n<p class=\"has-text-align-center has-neve-text-color-color has-text-color\">Directora <\/p>\n\n\n\n<p class=\"has-text-align-center has-neve-text-color-color has-text-color\" style=\"font-size:14px\">Dra. en Educaci\u00f3n<\/p>\n\n\n\n<div style=\"height:20px\" aria-hidden=\"true\" class=\"wp-block-spacer\"><\/div>\n<\/div>\n\n\n\n<div class=\"wp-block-column ticss-f6fc7494 is-layout-flow wp-block-column-is-layout-flow\"><div class=\"wp-block-image is-style-rounded\">\n<figure class=\"aligncenter size-full\"><img loading=\"lazy\" decoding=\"async\" width=\"361\" height=\"372\" src=\"https:\/\/aulasinteligentes.proyectoheliox.org\/wp-content\/uploads\/2023\/09\/Captura-de-pantalla-2023-09-27-a-las-9.40.17.png\" alt=\"\" class=\"wp-image-490\" srcset=\"https:\/\/aulasinteligentes.proyectoheliox.org\/wp-content\/uploads\/2023\/09\/Captura-de-pantalla-2023-09-27-a-las-9.40.17.png 361w, https:\/\/aulasinteligentes.proyectoheliox.org\/wp-content\/uploads\/2023\/09\/Captura-de-pantalla-2023-09-27-a-las-9.40.17-291x300.png 291w\" sizes=\"auto, (max-width: 361px) 100vw, 361px\" \/><\/figure>\n<\/div>\n\n\n<p class=\"has-text-align-center has-neve-text-color-color has-text-color\" style=\"font-size:16px\"><strong>Roberto Feltrero Oreja<\/strong><\/p>\n\n\n\n<p class=\"has-text-align-center has-neve-text-color-color has-text-color\">Director Adjunto <\/p>\n\n\n\n<p class=\"has-text-align-center has-neve-text-color-color has-text-color\" style=\"font-size:14px\">Dr. en Ciencias Cognitivas<\/p>\n\n\n\n<div style=\"height:20px\" aria-hidden=\"true\" class=\"wp-block-spacer\"><\/div>\n<\/div>\n\n\n\n<div class=\"wp-block-column ticss-4ce656f1 is-layout-flow wp-block-column-is-layout-flow\"><div class=\"wp-block-image is-style-rounded\">\n<figure class=\"aligncenter size-full\"><img loading=\"lazy\" decoding=\"async\" width=\"428\" height=\"432\" src=\"https:\/\/aulasinteligentes.proyectoheliox.org\/wp-content\/uploads\/2023\/09\/Captura-de-pantalla-2023-09-27-a-las-9.38.33.png\" alt=\"\" class=\"wp-image-489\" srcset=\"https:\/\/aulasinteligentes.proyectoheliox.org\/wp-content\/uploads\/2023\/09\/Captura-de-pantalla-2023-09-27-a-las-9.38.33.png 428w, https:\/\/aulasinteligentes.proyectoheliox.org\/wp-content\/uploads\/2023\/09\/Captura-de-pantalla-2023-09-27-a-las-9.38.33-297x300.png 297w, https:\/\/aulasinteligentes.proyectoheliox.org\/wp-content\/uploads\/2023\/09\/Captura-de-pantalla-2023-09-27-a-las-9.38.33-150x150.png 150w\" sizes=\"auto, (max-width: 428px) 100vw, 428px\" \/><\/figure>\n<\/div>\n\n\n<p class=\"has-text-align-center has-neve-text-color-color has-text-color\" style=\"font-size:16px\"><strong>Leire Junguitu Angulo<\/strong><\/p>\n\n\n\n<p class=\"has-text-align-center has-neve-text-color-color has-text-color\">Colaboradora<\/p>\n\n\n\n<div style=\"height:20px\" aria-hidden=\"true\" class=\"wp-block-spacer\"><\/div>\n<\/div>\n\n\n\n<div class=\"wp-block-column ticss-f6fc7494 is-layout-flow wp-block-column-is-layout-flow\"><div class=\"wp-block-image is-style-rounded\">\n<figure class=\"aligncenter size-full\"><img loading=\"lazy\" decoding=\"async\" width=\"606\" height=\"602\" src=\"https:\/\/aulasinteligentes.proyectoheliox.org\/wp-content\/uploads\/2023\/04\/Captura-de-pantalla-2023-04-21-a-las-0.58.08.png\" alt=\"\" class=\"wp-image-474\" srcset=\"https:\/\/aulasinteligentes.proyectoheliox.org\/wp-content\/uploads\/2023\/04\/Captura-de-pantalla-2023-04-21-a-las-0.58.08.png 606w, https:\/\/aulasinteligentes.proyectoheliox.org\/wp-content\/uploads\/2023\/04\/Captura-de-pantalla-2023-04-21-a-las-0.58.08-300x298.png 300w, https:\/\/aulasinteligentes.proyectoheliox.org\/wp-content\/uploads\/2023\/04\/Captura-de-pantalla-2023-04-21-a-las-0.58.08-150x150.png 150w\" sizes=\"auto, (max-width: 606px) 100vw, 606px\" \/><\/figure>\n<\/div>\n\n\n<p class=\"has-text-align-center has-neve-text-color-color has-text-color\" style=\"font-size:16px\"><strong>Leticia Sol Acosta <\/strong><\/p>\n\n\n\n<p class=\"has-text-align-center has-neve-text-color-color has-text-color\">Colaboradora<\/p>\n\n\n\n<div style=\"height:20px\" aria-hidden=\"true\" class=\"wp-block-spacer\"><\/div>\n<\/div>\n<\/div>\n\n\n\n<div style=\"height:30px\" aria-hidden=\"true\" class=\"wp-block-spacer\"><\/div>\n<\/div><\/div>\n","protected":false},"excerpt":{"rendered":"<p>Conocer herramientas de IA y sus posibilidades did\u00e1cticas Aproximaci\u00f3n a las posibilidades de aplicaci\u00f3n de la Inteligencia Artificial en el aula en todas las etapas educativas. Aprender a Aplicar herramientas de IA Elaborar planes, programas, proyectos y unidades did\u00e1cticas con Inteligencia Artificial. IA con Perspectiva de G\u00e9nero y Atenci\u00f3n a la Diversidad Reflexionar cr\u00edticamente sobre&hellip;&nbsp;<a href=\"https:\/\/aulasinteligentes.proyectoheliox.org\/\" class=\"\" rel=\"bookmark\">Leer m\u00e1s &raquo;<span class=\"screen-reader-text\">IAula<\/span><\/a><\/p>\n","protected":false},"author":5,"featured_media":413,"parent":0,"menu_order":0,"comment_status":"closed","ping_status":"closed","template":"","meta":{"neve_meta_sidebar":"default","neve_meta_container":"contained","neve_meta_enable_content_width":"on","neve_meta_content_width":100,"neve_meta_title_alignment":"center","neve_meta_author_avatar":"","neve_post_elements_order":"","neve_meta_disable_header":"","neve_meta_disable_footer":"","neve_meta_disable_title":"on","_themeisle_gutenberg_block_has_review":false,"footnotes":""},"class_list":["post-371","page","type-page","status-publish","has-post-thumbnail","hentry"],"_links":{"self":[{"href":"https:\/\/aulasinteligentes.proyectoheliox.org\/index.php?rest_route=\/wp\/v2\/pages\/371","targetHints":{"allow":["GET"]}}],"collection":[{"href":"https:\/\/aulasinteligentes.proyectoheliox.org\/index.php?rest_route=\/wp\/v2\/pages"}],"about":[{"href":"https:\/\/aulasinteligentes.proyectoheliox.org\/index.php?rest_route=\/wp\/v2\/types\/page"}],"author":[{"embeddable":true,"href":"https:\/\/aulasinteligentes.proyectoheliox.org\/index.php?rest_route=\/wp\/v2\/users\/5"}],"replies":[{"embeddable":true,"href":"https:\/\/aulasinteligentes.proyectoheliox.org\/index.php?rest_route=%2Fwp%2Fv2%2Fcomments&post=371"}],"version-history":[{"count":48,"href":"https:\/\/aulasinteligentes.proyectoheliox.org\/index.php?rest_route=\/wp\/v2\/pages\/371\/revisions"}],"predecessor-version":[{"id":506,"href":"https:\/\/aulasinteligentes.proyectoheliox.org\/index.php?rest_route=\/wp\/v2\/pages\/371\/revisions\/506"}],"wp:featuredmedia":[{"embeddable":true,"href":"https:\/\/aulasinteligentes.proyectoheliox.org\/index.php?rest_route=\/wp\/v2\/media\/413"}],"wp:attachment":[{"href":"https:\/\/aulasinteligentes.proyectoheliox.org\/index.php?rest_route=%2Fwp%2Fv2%2Fmedia&parent=371"}],"curies":[{"name":"wp","href":"https:\/\/api.w.org\/{rel}","templated":true}]}}